ds digit of p?
2
Let c = -17 - -20. Suppose c*t - 3*a + 0 = 12, 0 = -a - 3. What is the units digit of (t - 1) + -9 + 44?
5
Let b(x) = -x**2 + x - 1. Let a(d) = -d**3 + d**2 + 2*d + 13. Let j(u) = a(u) + 6*b(u). Let f be j(-6). Let h = f - -7. What is the units digit of h?
2
Suppose 7*o = -0*o + 21. Suppose 177 = 2*u - p - 2*p, o*u = 5*p + 267. What is the units digit of u?
4
Let v(n) = 40*n**2. Let c be v(2). Suppose 0 = x - 5*x + d + 136, -4*x + c = 5*d. What is the tens digit of x?
3
Let x = -33 - 21. Let u = -33 - x. What is the units digit of u?
1
Let x(y) = 2*y**2 - 17*y + 3. Let h be x(13). Suppose -z + h = 3*z. What is the tens digit of z?
3
Let a = 399 + 280. What is the units digit of a?
9
Let f(i) = -9*i + 9*i**3 - 10*i**3 - 11 + 2*i - 5*i**2. Let m be f(-5). What is the units digit of m/8 - (-42)/2?
4
Let q(v) = -358*v + 265. What is the thousands digit of q(-5)?
2
Let l(y) = y**2 + 6*y - 1. Let q(o) = -o**3 - o**2 + 4*o - 3. Suppose z + 5*x = 27, 0 = 4*z - 6*x + 3*x + 7. Let j be q(z). What is the units digit of l(j)?
6
Let v = 18 - 58. What is the units digit of (-96)/(-5) + 8/v?
9
Suppose -c + 2*r - r + 661 = 0, 2629 = 4*c + r. What is the tens digit of c?
5
Suppose 3*q - 3*b + 12 - 48 = 0, 5*b + 36 = 2*q. Suppose -q = -5*p + p. Suppose 78 = p*a - 4*c - 26, 5*a - 246 = 3*c. What is the tens digit of a?
4
Suppose -5*i = -5*j + 9*j - 3749, 5*j = -5*i + 3745. What is the hundreds digit of i?
7
Suppose -95 = -7*y + 2*y. Suppose -3*q - 2*w = -y, -q + 19 - 6 = -w. What is the tens digit of (1 - -18)*(q - 8)?
1
Let o be (0 - -2)/6 - 77/(-21). Suppose 0 = -5*a - 4 - 16, -o*n - 3*a + 356 = 0. What is the tens digit of n?
9
What is the tens digit of 3710/105 - (-2)/(-6)?
3
Let y be (-45)/(-15) - 188/(-2). Let b = y - -80. What is the hundreds digit of b?
1
Let q(n) = 8*n**2 - 12*n + 231. What is the thousands digit of q(24)?
4
Suppose 4042 = 12*w - 6410. What is the units digit of w?
1
Suppose 3*r + d - 2 = -6, -16 = 4*d. Suppose t + 2*s - 52 = r, -t - 2*t + 4*s + 136 = 0. What is the tens digit of (-35)/(-7)*t/10?
2
Let m = -757 + 1333. What is the hundreds digit of m?
5
Let b(z) = z**2 - z + 9. Suppose -2*s - 2*s - 43 = -3*t, -s = -t + 12. What is the tens digit of b(s)?
6
Let h = -1132 + 3404. What is the hundreds digit of h?
2
Let l(i) = -i**2 - 1. Let s be l(-2). Let u(f) be the third derivative of -f**4/24 + f**2 + 50*f. What is the units digit of u(s)?
5
Let j(y) = -y**3 - 15*y**2 - 17*y + 1. Suppose 5*f = -36 - 34. Let i be j(f). Let w = i + 0. What is the tens digit of w?
4
Let y(o) = 92*o**2 + 20*o + 131. What is the tens digit of y(-5)?
3
Suppose 4*s = -3*f - 71, -f - 2*f - 3*s = 69. Let g be 7/(-2)*108/f. Suppose -26 = -2*y + g. What is the units digit of y?
2
Let a(l) = 211*l**2 + 31*l - 103. What is the hundreds digit of a(3)?
8
Let i(q) = -12*q - 2. Let x = 11 + -16. Let j(g) = g + 1. Let p(h) = x*j(h) + i(h). What is the units digit of p(-2)?
7
Suppose -3*t + 310 = -4*w + 49, -4*t = 4*w - 320. Suppose 255 = 5*u + 3*m, u + 25 - t = -2*m. What is the units digit of u?
8
What is the hundreds digit of (1 + 44)*(-3)/(-3)*9?
4
Let r(v) = -v**2 - 2*v + 3. Let d be r(-3). Let u be (-3)/(-6) + 759/22. What is the tens digit of d + -7 + 4 + u?
3
Suppose 567*m = 574*m - 2702. What is the hundreds digit of m?
3
Let p(i) = i**3 + 7*i**2 + 6*i - 3. Let r be p(-6). Let m = 84 + r. What is the tens digit of m?
8
Let j(r) = -r**2 - 11*r - 17. Let q be j(-6). Suppose -1210 = -q*i + 3*i. What is the hundreds digit of i?
1
What is the thousands digit of 2/(-4) - 11/(352/(-47984))?
1
Let l(m) = -m**2 + 0*m**2 - 26 + 27. Let c be l(3). Let z = -1 - c. What is the units digit of z?
7
Let p = -469 + 1088. What is the hundreds digit of p?
6
Suppose 3*j + 213 = 3*z, -5*z = j - 0*j - 337. Suppose -92 = -4*m + z. What is the units digit of m?
0
Let m(o) be the second derivative of o**7/2520 - o**6/720 - o**5/24 - o**4/4 - 5*o. Let a(i) be the third derivative of m(i). What is the tens digit of a(6)?
2
Let l(j) be the first derivative of 3/2*j**2 - 3 - 5*j. What is the tens digit of l(6)?
1
Suppose 2*h = -3*h - 2410. Let p = -272 - h. What is the hundreds digit of p?
2
Suppose -2*d = -6*d - 3*g - 7, -4*d - g + 3 = 0. Suppose -4*k = 3*x + 16, d*x + 34 = -3*k + 5*k. What is the tens digit of (x/14)/((-5)/140)?
2
Suppose 2*v - 374 = -2*h, -118 - 81 = -v - 4*h. Suppose -3*a + v = -0*a. What is the tens digit of a?
6
Let y(w) = -5*w**2 + 43*w + 31. Let v(k) = -k**2 + 11*k + 8. Let c(o) = -9*v(o) + 2*y(o). Let a be c(-14). Let r = -15 - a. What is the units digit of r?
9
Suppose -3*x + 0*x - 31 = 2*o, 5*o = 2*x + 27. Let w(c) = c**3 + 12*c**2 + 2*c - 26. What is the tens digit of w(x)?
7
Suppose 0 = 53*q - 5*q - 145968. What is the tens digit of q?
4
Suppose -8*m + 9*m - 148 = 0. Suppose -5*y = -17 - m. What is the tens digit of y?
3
Suppose -12*z = -4*z - 2968. What is the units digit of z?
1
Let k(n) = -n + 10. Let c(p) = -3*p + 29. Suppose -w - 39 = 3*m - 5*w, 0 = -4*m + 5*w - 53. Let i(r) = m*k(r) + 6*c(r). What is the units digit of i(-11)?
5
Let b(y) = -8*y**2 - 3*y**2 - 8*y**2 - 4 - 9*y + 8*y. Let i be b(-3). What is the tens digit of (-13)/26*i/2?
4
Let y(t) be the second derivative of t**7/840 + t**5/24 - 5*t**4/6 - 4*t. Let n(i) be the third derivative of y(i). What is the tens digit of n(-3)?
3
Suppose -5*i - 86 = -s + 12, -4*i = -5*s + 427. What is the units digit of s?
3
Suppose 0 = -l + 4*l + 18. Let d be 26/6 - l/9. Suppose 4*a = -5*z + 2 + 7, -2*a + d = 3*z. What is the units digit of z?
1
Suppose 0 = 12*s - 15*s + 12180. What is the units digit of s?
0
Let k(g) = 4*g**2 + 21*g - 6. What is the hundreds digit of k(-9)?
1
Let w = -17 + 22. Suppose 0 = 4*o + w*o - 873. What is the units digit of o?
7
Let f(a) = -2*a**3 + 50*a**2 - 4*a - 73. What is the hundreds digit of f(22)?
7
Suppose 5*s = -a + 1682 - 7, 0 = -a - 2*s + 1666. What is the tens digit of a?
6
Suppose -4*y - 61 + 53 = 0. What is the units digit of -2 + (-3 - y)/(3/(-27))?
7
Let r = 60 - -18. Suppose -j + 5*a + 12 = 0, -r = -4*j + j + a. Suppose 3*s = -3*w + 6*w - j, 0 = -3*w - s + 39. What is the units digit of w?
2
What is the units digit of 2160/420*(182/4 - 0)?
4
Let g = 8 + -20. Let k = g + 15. Suppose -2*z + 64 = 2*t - 14, k*t - 3*z - 99 = 0. What is the tens digit of t?
3
Let o(d) = 6*d**2 - 2*d**2 + 0*d**2 + 9*d**2. Let x be o(1). Suppose x*a - 14*a = -40. What is the units digit of a?
0
What is the thousands digit of (203/21)/((-3)/(-693))?
2
Suppose -2*b - 6*b = -11352. What is the tens digit of b?
1
What is the tens digit of 24*6 + 2/(4/6)?
4
Let o = -14 + 97. Let s = -30 + o. What is the tens digit of s?
5
Let n = -98 - -356. What is the hundreds digit of n?
2
Let o(d) = -2*d**2 - 20*d - 1. Let g be o(-6). Suppose 8*m - 3*m - 2*h - g = 0, 19 = m + 2*h. What is the units digit of m?
1
Suppose -3*t = 12, v = -v + 4*t + 4. Let z = v - -10. Suppose 2*m = -z*p + 48, 4*p + 64 = 3*m - 8. What is the tens digit of m?
2
Let d = 38 + -26. Let b be (d/24)/(2/28). Suppose j = -b*j + 336. What is the units digit of j?
2
Let y(k) = k**3 + 9*k**2 - 2*k - 12. Let v be y(-8). Let b = v - 35. Suppose 12 + 5 = 3*j - 4*c, 4*j + 5*c = b. What is the units digit of j?
7
Let p = -179 - -415. What is the hundreds digit of p?
2
Let u = -5446 - -9318. What is the hundreds digit of u?
8
Let g = -7 + 4. Suppose b - 113 = 5*o + 2, 5*o + 115 = -2*b. Let d = g - o. What is the units digit of d?
0
Let c(z) = -z**2 - 4*z + 24. Let u be c(-7). Suppose -4*d + 4 = 0, -u*w = -9*d + 4*d - 124. What is the units digit of w?
3
Let m(h) = 56*h + 3. Let z be m(12). Suppose 5*x - 180 = z. What is the units digit of x?
1
Let o(a) = 23*a + 545. What is the units digit of o(0)?
5
Let u(t) = -t**2 - 7*t**2 + t**3 - 2 + 6*t - 5*t. What is the units digit of u(8)?
6
Suppose 0 = w - 4*x + 40, 2*w - 36 = 4*w + 3*x. Let i = 78 + w. What is the units digit of i?
4
Let z be 55/10 - 2/4. Suppose 8*b = 5*b - z*s + 723, 3*b = 4*s + 696. What is the hundreds digit of b?
2
Let t = 21 + -17. Let u(p) = 80*p - 30. What is the hundreds digit of u(t)?
2
Suppose 5*s = 15, -7*s - 38 = -k - 3*s. Let r be (-25)/(0 - -1 - 0). Let g = r + k. What is the tens digit of g?
2
Suppose 0 = -5*y - 5*l - 15, y + 2*l = -0*l - 8. Suppose -2